
Calculate the remainder when 28410 is divided by 33.
30
Calculate the remainder when 306 is divided by 81.
63
What is the remainder when 518 is divided by 40?
38
What is the remainder when 427 is divided by 140?
7
What is the remainder when 727 is divided by 104?
103
What is the remainder when 92 is divided by 83?
9
Calculate the remainder when 4647 is divided by 19.
11
Calculate the remainder when 127 is divided by 57.
13
Calculate the remainder when 263 is divided by 243.
20
Calculate the remainder when 5132 is divided by 79.
76
What is the remainder when 165 is divided by 38?
13
Calculate the remainder when 284 is divided by 48.
44
Calculate the remainder when 1463 is divided by 122.
121
What is the remainder when 358 is divided by 182?
176
Calculate the remainder when 2854 is divided by 9.
1
What is the remainder when 1321 is divided by 27?
25
What is the remainder when 707 is divided by 175?
7
What is the remainder when 2247 is divided by 45?
42
What is the remainder when 1464 is divided by 240?
24
What is the remainder when 193 is divided by 40?
33
Calculate the remainder when 23 is divided by 22.
1
Calculate the remainder when 453 is divided by 37.
9
Calculate the remainder when 576 is divided by 80.
16
Calculate the remainder when 3509 is divided by 18.
17
Calculate the remainder when 227 is divided by 114.
113
Calculate the remainder when 68 is divided by 8.
4
What is the remainder when 132 is divided by 48?
36
What is the remainder when 1010 is divided by 23?
21
Calculate the remainder when 2781 is divided by 116.
113
Calculate the remainder when 135 is divided by 40.
15
Calculate the remainder when 865 is divided by 62.
59
What is the remainder when 404 is divided by 59?
50
What is the remainder when 358 is divided by 83?
26
What is the remainder when 428 is divided by 144?
140
What is the remainder when 4156 is divided by 66?
64
What is the remainder when 160 is divided by 39?
4
Calculate the remainder when 226 is divided by 59.
49
Calculate the remainder when 160 is divided by 34.
24
Calculate the remainder when 670 is divided by 14.
12
Calculate the remainder when 879 is divided by 179.
163
What is the remainder when 47 is divided by 17?
13
Calculate the remainder when 362 is divided by 121.
120
What is the remainder when 135 is divided by 60?
15
Calculate the remainder when 47 is divided by 12.
11
Calculate the remainder when 72 is divided by 62.
10
Calculate the remainder when 27 is divided by 14.
13
Calculate the remainder when 19 is divided by 6.
1
Calculate the remainder when 6800 is divided by 243.
239
What is the remainder when 147 is divided by 94?
53
Calculate the remainder when 71 is divided by 29.
13
Calculate the remainder when 2514 is divided by 5.
4
What is the remainder when 139 is divided by 15?
4
Calculate the remainder when 302 is divided by 55.
27
What is the remainder when 311 is divided by 121?
69
Calculate the remainder when 115 is divided by 17.
13
What is the remainder when 257 is divided by 13?
10
Calculate the remainder when 302 is divided by 78.
68
Calculate the remainder when 72 is divided by 25.
22
Calculate the remainder when 689 is divided by 515.
174
What is the remainder when 324 is divided by 13?
12
Calculate the remainder when 311 is divided by 26.
25
Calculate the remainder when 78 is divided by 23.
9
Calculate the remainder when 856 is divided by 144.
136
What is the remainder when 550 is divided by 31?
23
What is the remainder when 1904 is divided by 950?
4
What is the remainder when 2376 is divided by 475?
1
Calculate the remainder when 608 is divided by 123.
116
Calculate the remainder when 190 is divided by 30.
10
What is the remainder when 1648 is divided by 406?
24
Calculate the remainder when 9462 is divided by 4728.
6
Calculate the remainder when 48 is divided by 10.
8
Calculate the remainder when 69 is divided by 13.
4
What is the remainder when 72 is divided by 60?
12
Calculate the remainder when 826 is divided by 257.
55
Calculate the remainder when 366 is divided by 8.
6
Calculate the remainder when 147 is divided by 30.
27
Calculate the remainder when 508 is divided by 15.
13
Calculate the remainder when 234 is divided by 84.
66
What is the remainder when 298 is divided by 138?
22
What is the remainder when 30 is divided by 29?
1
What is the remainder when 2053 is divided by 133?
58
Calculate the remainder when 50 is divided by 11.
6
Calculate the remainder when 13 is divided by 10.
3
Calculate the remainder when 415 is divided by 20.
15
What is the remainder when 400 is divided by 149?
102
What is the remainder when 59 is divided by 16?
11
What is the remainder when 101 is divided by 6?
5
Calculate the remainder when 1807 is divided by 78.
13
What is the remainder when 79 is divided by 5?
4
Calculate the remainder when 50239 is divided by 160.
159
Calculate the remainder when 4523 is divided by 54.
41
What is the remainder when 253 is divided by 24?
13
What is the remainder when 118 is divided by 90?
28
What is the remainder when 45 is divided by 29?
16
What is the remainder when 233 is divided by 27?
17
Calculate the remainder when 82 is divided by 7.
5
What is the remainder when 201 is divided by 51?
48
Calculate the remainder when 194 is divided by 5.
4
Calculate the remainder when 39 is divided by 32.
7
Calculate the remainder when 1224 is divided by 77.
69
What is the remainder when 145 is divided by 30?
25
What is the remainder when 197 is divided by 148?
49
Calculate the remainder when 33 is divided by 12.
9
What is the remainder when 774 is divided by 11?
4
Calculate the remainder when 38 is divided by 13.
12
What is the remainder when 302 is divided by 28?
22
Calculate the remainder when 538 is divided by 139.
121
What is the remainder when 537 is divided by 6?
3
Calculate the remainder when 1213 is divided by 591.
31
What is the remainder when 3235 is divided by 1035?
130
Calculate the remainder when 71 is divided by 19.
14
Calculate the remainder when 151 is divided by 26.
21
Calculate the remainder when 261 is divided by 7.
2
What is the remainder when 1187 is divided by 10?
7
What is the remainder when 46 is divided by 38?
8
Calculate the remainder when 1645 is divided by 16.
13
What is the remainder when 205 is divided by 10?
5
What is the remainder when 244 is divided by 65?
49
What is the remainder when 66 is divided by 38?
28
Calculate the remainder when 8537 is divided by 267.
260
Calculate the remainder when 365 is divided by 63.
50
Calculate the remainder when 45 is divided by 28.
17
What is the remainder when 159 is divided by 64?
31
What is the remainder when 2139 is divided by 10?
9
Calculate the remainder when 1432 is divided by 76.
64
What is the remainder when 1175 is divided by 88?
31
What is the remainder when 2105 is divided by 111?
107
Calculate the remainder when 2852 is divided by 168.
164
Calculate the remainder when 126 is divided by 43.
40
What is the remainder when 2496 is divided by 207?
12
Calculate the remainder when 124 is divided by 73.
51
Calculate the remainder when 180 is divided by 66.
48
What is the remainder when 950 is divided by 312?
14
Calculate the remainder when 4107 is divided by 41.
7
Calculate the remainder when 66 is divided by 30.
6
What is the remainder when 80 is divided by 21?
17
What is the remainder when 303 is divided by 4?
3
Calculate the remainder when 17225 is divided by 29.
28
What is the remainder when 843 is divided by 13?
11
What is the remainder when 1817 is divided by 260?
257
What is the remainder when 7 is divided by 5?
2
Calculate the remainder when 551 is divided by 37.
33
Calculate the remainder when 4206 is divided by 44.
26
What is the remainder when 4084 is divided by 28?
24
What is the remainder when 189 is divided by 29?
15
Calculate the remainder when 4422 is divided by 164.
158
What is the remainder when 246 is divided by 81?
3
Calculate the remainder when 584 is divided by 112.
24
Calculate the remainder when 1306 is divided by 10.
6
Calculate the remainder when 888 is divided by 22.
8
What is the remainder when 1129 is divided by 10?
9
Calculate the remainder when 183 is divided by 75.
33
Calculate the remainder when 3977 is divided by 442.
441
What is the remainder when 1785 is divided by